7. Let i = v + 234. List the prime factors of i.
2, 7
List the prime factors of -203*((-32)/14 + (-23 - -25)).
2, 29
Let o be (-6)/(-10) + (-216)/(-40). Suppose 0 = 8*v - 5*v - o. Suppose 3*i - 51 = -4*q, -v*i = 4*q - q - 33. List the prime factors of i.
3, 7
Let v = 240 - 131. List the prime factors of v.
109
Suppose -3*v - 360 = -3*d + 141, -v + 1 = 0. List the prime factors of d.
2, 3, 7
Let r(c) = -3*c + 0 - 6 + 4 + 9*c**2 - 2. Let a be r(3). Suppose -x = x - a. List the prime factors of x.
2, 17
What are the prime factors of (2/6)/((-1)/(-2769))?
13, 71
Suppose 5*y = 4*q - 1197, 14*y = 16*y + 10. List the prime factors of q.
293
Let p(m) = -46*m + 78. List the prime factors of p(-13).
2, 13
Suppose -12 - 2 = 7*o. Let h = 21 - o. List the prime factors of h.
23
Suppose -3*g = -3*b + 9, -b = 4*g + 31 - 9. Let t be ((-42)/35)/(b/30). Let o = t - 9. List the prime factors of o.
3
Let t = -2674 + 5377. What are the prime factors of t?
3, 17, 53
Let x = 3785 - 1534. List the prime factors of x.
2251
Let r(b) = 23*b + 22. Suppose -10 + 59 = 7*h. What are the prime factors of r(h)?
3, 61
Suppose 0 = 3*x + 3 - 12. Let m(s) = s**x + 17*s - 6*s + 0 - 3 - 9*s**2. List the prime factors of m(8).
3, 7
Let r(k) = -k - 11. Let w be r(-10). Let q(g) = -33*g**3. Let j be q(w). Suppose 2*h + 5*s - j = 0, -h + 96 = 4*h - s. List the prime factors of h.
19
Suppose 4*n + 3*z - 1 = 0, -3*n + 32 = -5*z - 5. Suppose -27 = -n*i + v - 0*v, -18 = -3*i + 3*v. What are the prime factors of i?
7
Let j(m) = 19 + 3*m**2 - 4*m**2 - 6 + 19*m. What are the prime factors of j(13)?
7, 13
Let c(z) = -3*z - 20. Let b be c(-8). Suppose 0 = b*x - 6*x + 116. List the prime factors of x.
2, 29
Let j = -39 + 30. Let o be j + 10 + (-1)/(-1). Suppose -d + o*d - 4 = 0. What are the prime factors of d?
2
What are the prime factors of -18*1503/12*6/(-9)?
3, 167
Suppose -876 = -3*x + 888. List the prime factors of x.
2, 3, 7
Let m(j) = 2*j + 1. Let i be m(2). Let k(c) = -5*c**3 - 8. Let s be k(-4). Suppose -s = -i*h - 32. What are the prime factors of h?
2, 7
Let y(c) = -c + 4. Let r be y(-4). Suppose r*d = 9*d + 28. Let s = 55 + d. What are the prime factors of s?
3
Let r = -36 - -41. Suppose 10*z - 465 = r*z. List the prime factors of z.
3, 31
Let p be 1/2*10 - 1. Suppose p*y - 102 = -34. Let j = y - 4. What are the prime factors of j?
13
Suppose 3*c = 4*r + 7, 3 = -c - 4*r - 0. Let h be (c + 0)/((-2)/(-14)). Suppose h*m = 11*m - 28. What are the prime factors of m?
7
Let r(l) = l**2 + 10*l + 18. Let z be r(-6). List the prime factors of (15/(-10))/(z/344).
2, 43
Suppose a + 300 = 5*j, 3*j - 7*j + 240 = -4*a. Suppose 2*f = 4*f - j. Suppose -3*z = -0*z - f. What are the prime factors of z?
2, 5
What are the prime factors of (1360/32)/(((-2)/(-232))/1)?
2, 5, 17, 29
Let k = 15 - 19. What are the prime factors of k*5/10*-82?
2, 41
Suppose 2 = p - 3*d, 3*p - 3*d = -0*d + 6. Suppose -p + 4 = v. List the prime factors of (-8)/16*v*-3.
3
Suppose 0 = -r + 8 - 2. List the prime factors of (-2)/4*-6 - (-149 - r).
2, 79
Let f be 1*5/(-15)*-15. Suppose -4*b - 4 = 0, -f*x + 0*b - 4*b = -831. What are the prime factors of x?
167
Suppose -2*k + 142 = -5*d - 0*k, 0 = 3*k - 3. Let p = d - -4. What are the prime factors of (-4 - -2) + (-1 - p)?
3, 7
Let h(r) = -13*r - 7*r**2 - 3*r**3 + 4*r**3 + 5*r - 9. Let a be h(9). Suppose -5*u + 3*v = -0*v - 97, v = -5*u + a. List the prime factors of u.
17
Let m be (-1 - -2)/((-4)/(-220)). Let v = -47 + m. What are the prime factors of v?
2
Suppose 0 = -3*m + f - 111 - 98, 2*f + 8 = 0. Let z be (-3 - m)/2 + 1. Suppose -5 + z = 2*g. List the prime factors of g.
3, 5
Suppose -5*o + 4*v + 87 = 6*v, 54 = 2*o - 4*v. What are the prime factors of 2*134/4*(20 - o)?
67
Let a(z) = z**2 + z - 22. Suppose -2*y = -3*n - 2, 4*n - 4*y + 5 = y. Let s be a(n). Let u = s + 42. What are the prime factors of u?
2, 5
Let g(q) = -5*q**3 + 10*q**2 - 8*q + 25. Let y(z) = z**3 - z. Let v(c) = -g(c) - 6*y(c). What are the prime factors of v(-12)?
5, 19
Let l = 90 + -90. Let w(a) = 2*a**2. Let c be w(-1). Suppose -c*h + 0*h + 48 = l. What are the prime factors of h?
2, 3
Let o(h) = -43*h + 84. What are the prime factors of o(-31)?
13, 109
Suppose 3 = -12*d + 51. Suppose p = 2*w - 46 + 158, -436 = -d*p + 2*w. List the prime factors of p.
2, 3
Suppose -5095 = 6*f - 11*f. List the prime factors of f.
1019
Suppose 3*o - 171 - 13 = -2*h, -5*o - 2*h = -304. What are the prime factors of o?
2, 3, 5
Let c(u) = -3*u**2 + u + 4. Let h be c(-3). Let i be 60 + 3 + (-8)/2. Let r = h + i. What are the prime factors of r?
3, 11
Suppose -5*s = 2*z + 116, -5*z + 2*z - 187 = s. List the prime factors of 4/(-14) - 4176/z.
2, 3, 11
Suppose -5*w + n + 2611 = 0, 3*w + n - 516 = 1049. List the prime factors of w.
2, 3, 29
Suppose -2*b = -p - 0*b + 400, 5*p + 2*b - 2048 = 0. Let i = -284 + p. What are the prime factors of i?
2, 31
Suppose 4*d - 4*l = 120, -4*l = 4*d - 3 - 141. Suppose -d = 3*k - 90. What are the prime factors of k?
19
Let x = 554 + -17. List the prime factors of x.
3, 179
Let d(f) = -f**2 - 6*f - 1. Suppose -4*h - 7 = 13. Let a be d(h). Suppose -a*k - 11 - 1 = 0, -3*u = k - 39. List the prime factors of u.
2, 7
Let t = 477 + -292. Suppose -2*q - 3*r = -480, -2*q + r + t = -287. List the prime factors of q.
3, 79
Let d(f) = f**2 - 10*f - 16. Let a be d(13). Suppose 9*w - a - 94 = 0. What are the prime factors of w?
13
Suppose -3*d + 5 = -5*s, -s + 3 = 2*d - 9. Let m(z) = 4*z**2 + 6*z - 8. List the prime factors of m(d).
2, 61
Let y(u) = -62*u - 52. What are the prime factors of y(-11)?
2, 3, 5, 7
Suppose 4*c + 5*s + 7 = 0, -s + 1 = 5*c - 6. Let n be (8 - 8) + -1 + (1 - -4). Suppose 0*f - 30 = -n*r - 3*f, -14 = -c*r - 2*f. List the prime factors of r.
3
Let r be 344/(-4) + 5/(5/(-3)). Let h = r + 113. List the prime factors of h.
2, 3
Let l = 100 - 61. Suppose -56 = 3*n - 5*n + 5*p, -l = -n - 3*p. Suppose -3*u = -7*k + 2*k + 36, -5*u = 2*k - n. What are the prime factors of k?
3
Suppose 10 = -4*s - 6. Let w be (0/(5/(-5)))/s. Suppose w = 5*v - 366 + 11. What are the prime factors of v?
71
Let p(y) = y + y**2 - 5 + 3*y**2 + 4*y. Let a be p(3). Let w = a + -11. List the prime factors of w.
5, 7
Let z(i) = -i**2 + 7*i - 10. Let t be z(4). Suppose -t*y + 171 = y. What are the prime factors of y?
3, 19
Suppose 2*j + 14 = 4. Let c = 13 - j. What are the prime factors of c?
2, 3
Let h(v) = 9*v - 1. Let y = 5 - 1. Let g be h(y). What are the prime factors of g + 1*(-9)/3?
2
Suppose 25 = 5*h - 2*b, 2*h - 6*h + 20 = 2*b. Suppose 0 = d - h*d. Let f = d + 52. List the prime factors of f.
2, 13
List the prime factors of (-6 + 2)*522/(-72).
29
Suppose w = 2*n - 5143, -5*w + 8185 = 5*n - 4665. List the prime factors of n.
3, 857
Let b(r) = 80*r + 188. What are the prime factors of b(41)?
2, 3, 17
Let u(a) be the third derivative of -a**5/4 - a**3/3 - 9*a**2. Let i be u(-2). Let m = -32 - i. List the prime factors of m.
2, 3, 5
Suppose 0 = -2*z - 3*g + 245, -3*z - 226 = -5*g - 603. What are the prime factors of z?
2, 31
Let b(i) = 6*i**2 + 17*i + 15. Let o be b(-7). Suppose 0 = 3*p - 2*l - o, 0*p + 126 = 2*p - 2*l. What are the prime factors of p?
2
Let b(q) = 60*q**2 - 44*q - 249. List the prime factors of b(-5).
1471
Let t(a) = 2*a**2 + 6*a. Let o be t(-4). Suppose 0 = -2*f + o. Suppose s - f = 2. What are the prime factors of s?
2, 3
Let k = -1186 - -2403. List the prime factors of k.
1217
Let d(u) = 5*u**2 - 4*u - 14. Let w(r) = -r**2 + 5*r + 1. Let n be w(6). List the prime factors of d(n).
131
Suppose -b - 80 = h, -b - 390 = 4*b - 5*h. Let v = 112 + b. Suppose 4*n - v - 17 = -5*r, -n = 0. What are the prime factors of r?
2, 5
Let q be 848/60 - (-6)/(-45). Let l = 18 - q. Suppose 0 = -4*g - 5*n + 111, g - 5*g + 112 = l*n. List the prime factors of g.
29
Suppose -582*j + 574*j + 31976 = 0. List the prime factors of j.
7, 571
Let s(k) = -56*k - 1. Let x(z) = -z**3 + z**2 + 6*z - 1. Let o(y) = y + 5. Let u be o(-2). Let p be x(u). What are the prime factors of s(p)?
5, 11
Let v(z) = z**3 + 4*z**2 - 8*z - 3. Let s be v(-5). Let o(j) = j**3 - 11*j**2 - 10*j - 6. What are the prime factors of o(s)?
2, 3
Suppose -2*g = -5*g + 198. Let b be -2*(27/(-6) + 1). Suppose q = b*q - g. List the prime factors of q.
11
Let